{"id":101,"date":"2013-04-23T20:18:04","date_gmt":"2013-04-23T20:18:04","guid":{"rendered":"http:\/\/www.brftranan.com\/?page_id=101"},"modified":"2025-06-24T20:09:16","modified_gmt":"2025-06-24T18:09:16","slug":"forsakringar","status":"publish","type":"page","link":"https:\/\/www.brftranan.com\/index.php\/boendeinfo\/forsakringar\/","title":{"rendered":"F\u00f6rs\u00e4kringar"},"content":{"rendered":"<h4><em>Styrelsen rekommenderar \u00e5 det starkaste att alla boende har en hemf\u00f6rs\u00e4kring. Det\u00a0kan b\u00f6rja brinna och inget blir kvar, du kan f\u00e5 inbrott, trots att vi hitintills varit r\u00e4tt s\u00e5\u00a0f\u00f6rskonade mot inbrott \u00e4ven i k\u00e4llare\/vindsf\u00f6rr\u00e5d. T\u00e4nk p\u00e5 att det \u00e4r du som\u00a0bostadsr\u00e4ttsinnehavare som ansvarar f\u00f6r det mesta inom l\u00e4genhetens v\u00e4ggar: spis,\u00a0badkar, f\u00f6nsterrutor\u2026 och s\u00e5 det privata, bara kl\u00e4derna kostar mycket att ers\u00e4tta om\u00a0n\u00e5got h\u00e4nder!<\/em><\/h4>\n<h3>F\u00f6reningens fastighetsf\u00f6rs\u00e4kring<\/h3>\n<p>F\u00f6reningen har tecknat en fastighetsf\u00f6rs\u00e4kring med f\u00f6rs\u00e4kringsbolaget IF. Denna f\u00f6rs\u00e4kring t\u00e4cker i huvudsak skadeh\u00e4ndelser s\u00e5som brand, inbrott, vatten och pl\u00f6tsligt of\u00f6rutsedd fysisk skada p\u00e5 f\u00f6rs\u00e4krad egendom. Men detta g\u00e4ller allts\u00e5 bara f\u00f6reningens gemensamma utrymmen, inte den egna bostadsr\u00e4ttsl\u00e4genheten. Fastighetsf\u00f6rs\u00e4kringen t\u00e4cker inte skada p\u00e5 l\u00f6s\u00f6re i sj\u00e4lva l\u00e4genheten, oavsett orsak. Det t\u00e4cks bara av den f\u00f6rs\u00e4kring som resp. boende sj\u00e4lv tecknar. Och det g\u00e4ller kl\u00e4der, TV, dator, mattor, konst, b\u00f6cker, smycken, sportutrustning, osv\u2026 S\u00e5 om du inte har en hemf\u00f6rs\u00e4kring, skaffa en!<\/p>\n<h3>F\u00f6rs\u00e4kringens bostadsr\u00e4ttstill\u00e4gg<\/h3>\n<p>Brf Tranan har f\u00f6rutom fastighetsf\u00f6rs\u00e4kringen tecknat en gemensam kollektiv bostadr\u00e4ttstill\u00e4ggsf\u00f6rs\u00e4kring f\u00f6r alla l\u00e4genheter via samma f\u00f6rs\u00e4kringsbolag, dvs. IF. Detta har vi gjort d\u00e5 vissa skador som kan uppkomma inte \u00e4r ers\u00e4ttningsbara via den vanliga hemf\u00f6rs\u00e4kringen eller via fastighetsf\u00f6rs\u00e4kringen. Bostadsr\u00e4ttstill\u00e4gget t\u00e4cker i huvudsak skador p\u00e5 den fasta inredningen i l\u00e4genheten, dvs. den inredning som bostadsr\u00e4ttsinnehavaren enligt f\u00f6reningens stadgar \u00e4r ansvarig f\u00f6r. Som fast inredning r\u00e4knas t.ex. fast k\u00f6ksinredning, vitvaror, badrumsporslin, golvbel\u00e4ggning, m.m. Se f\u00f6reningens stadgar.<\/p>\n<p><strong>De villkor som g\u00e4ller f\u00f6r bostadsr\u00e4ttstill\u00e4gget \u00e4r:<\/strong><\/p>\n<ul>\n<li>Sj\u00e4lvrisken \u00e4r f\u00f6r n\u00e4rvarande (dec 2022) 1.500 kronor, f\u00f6rutom vid vattenskador d\u00e5 den \u00e4r 2.000 kronor.<\/li>\n<li>Det finns en begr\u00e4nsning av de \u00e5ldersavdrag som g\u00f6rs i samband med skada s\u00e5 att h\u00f6gsta sammanlagda \u00e5ldersavdrag per l\u00e4genhet aldrig \u00f6verskrider 10.000 kronor.<\/li>\n<\/ul>\n<p>F\u00f6r den enskilde bostadsr\u00e4ttsinnehavaren inneb\u00e4r detta att man inte beh\u00f6ver teckna ett\u00a0bostadsr\u00e4ttstill\u00e4gg till den egna hemf\u00f6rs\u00e4kringen. MEN det inneb\u00e4r ej att man inte b\u00f6r ha en\u00a0egen hemf\u00f6rs\u00e4kring!!!<\/p>\n<p><strong>Om en skada uppkommer anm\u00e4l till f\u00f6rvaltaren eller till styrelsen!<\/strong><\/p>\n<p>Vid upphandlingen av f\u00f6rs\u00e4kringen har vi tagit hj\u00e4lp av f\u00f6rs\u00e4kringsm\u00e4klaren Gallagher. Detta f\u00f6retag kommer ocks\u00e5 att assistera f\u00f6reningen vid reglering av eventuella skador med f\u00f6rs\u00e4kringsbolaget.<\/p>\n","protected":false},"excerpt":{"rendered":"<p>Styrelsen rekommenderar \u00e5 det starkaste att alla boende har en hemf\u00f6rs\u00e4kring. Det\u00a0kan b\u00f6rja brinna och inget blir kvar, du kan f\u00e5 inbrott, trots att vi hitintills varit r\u00e4tt s\u00e5\u00a0f\u00f6rskonade mot [&hellip;]<\/p>\n","protected":false},"author":1,"featured_media":0,"parent":49,"menu_order":0,"comment_status":"closed","ping_status":"closed","template":"","meta":[],"_links":{"self":[{"href":"https:\/\/www.brftranan.com\/index.php\/wp-json\/wp\/v2\/pages\/101"}],"collection":[{"href":"https:\/\/www.brftranan.com\/index.php\/wp-json\/wp\/v2\/pages"}],"about":[{"href":"https:\/\/www.brftranan.com\/index.php\/wp-json\/wp\/v2\/types\/page"}],"author":[{"embeddable":true,"href":"https:\/\/www.brftranan.com\/index.php\/wp-json\/wp\/v2\/users\/1"}],"replies":[{"embeddable":true,"href":"https:\/\/www.brftranan.com\/index.php\/wp-json\/wp\/v2\/comments?post=101"}],"version-history":[{"count":13,"href":"https:\/\/www.brftranan.com\/index.php\/wp-json\/wp\/v2\/pages\/101\/revisions"}],"predecessor-version":[{"id":1900,"href":"https:\/\/www.brftranan.com\/index.php\/wp-json\/wp\/v2\/pages\/101\/revisions\/1900"}],"up":[{"embeddable":true,"href":"https:\/\/www.brftranan.com\/index.php\/wp-json\/wp\/v2\/pages\/49"}],"wp:attachment":[{"href":"https:\/\/www.brftranan.com\/index.php\/wp-json\/wp\/v2\/media?parent=101"}],"curies":[{"name":"wp","href":"https:\/\/api.w.org\/{rel}","templated":true}]}}